 - 14?
-32
In base 15, what is -eb + 4?
-e7
In base 15, what is 2 - -582?
584
In base 3, what is -101212 - -12?
-101200
In base 12, what is 2 - 129?
-127
In base 7, what is 226 - -5?
234
In base 12, what is 1 - 3b?
-3a
In base 15, what is 35b7 - -5?
35bc
In base 11, what is 73 + 29?
a1
In base 7, what is -6 + 13?
4
In base 13, what is 269a - -1?
269b
In base 2, what is 1110100 - 11?
1110001
In base 14, what is 5 - -ab?
b2
In base 8, what is 70 + 3?
73
In base 4, what is 1003110 - -2?
1003112
In base 12, what is -11 - -6?
-7
In base 8, what is 0 + -31?
-31
In base 11, what is -7 - -17?
10
In base 13, what is 13 + -7c?
-69
In base 6, what is 24311 - 4?
24303
In base 16, what is 57 + -13?
44
In base 11, what is 119 - -5?
123
In base 15, what is -3 + c?
9
In base 5, what is -444 - -1?
-443
In base 7, what is 11 - -2?
13
In base 2, what is -1 - -11011100001?
11011100000
In base 13, what is -4 + -1b1?
-1b5
In base 5, what is 2 + -13233?
-13231
In base 16, what is -174 + 5?
-16f
In base 9, what is 0 - -281?
281
In base 14, what is b + 18?
25
In base 16, what is -a - -3?
-7
In base 16, what is -4 - -8e6?
8e2
In base 16, what is -2f - a?
-39
In base 8, what is 14 - 102?
-66
In base 2, what is -100 + -10001101100?
-10001110000
In base 16, what is -5 + 11c?
117
In base 9, what is -105 + -7?
-113
In base 12, what is -1 - 770?
-771
In base 15, what is 0 - -ac?
ac
In base 2, what is 10011000001 + -101?
10010111100
In base 13, what is 8 - a?
-2
In base 11, what is -119 - -5?
-114
In base 16, what is 8 - -107?
10f
In base 15, what is -11 + -1?
-12
In base 13, what is 2485 + -2?
2483
In base 15, what is 0 + 1e5?
1e5
In base 3, what is -12 - -120022?
120010
In base 4, what is 13 - 1031?
-1012
In base 15, what is 4 - -173?
177
In base 11, what is 1 + -204?
-203
In base 10, what is 5 + -29?
-24
In base 3, what is 10002020 - 12?
10002001
In base 3, what is -122102 - 110?
-122212
In base 12, what is 77a + 0?
77a
In base 8, what is -14 - 1?
-15
In base 14, what is -4 + 86?
82
In base 10, what is 73 + -4?
69
In base 8, what is 60 - -61?
141
In base 16, what is -31 - 16?
-47
In base 10, what is 1 - 77?
-76
In base 11, what is -11 + -20?
-31
In base 14, what is 4 + -91?
-8b
In base 15, what is -13 - 28?
-3b
In base 9, what is -255 - 11?
-266
In base 7, what is -55 - 163?
-251
In base 13, what is 61 + -2?
5c
In base 12, what is -711 + -5?
-716
In base 13, what is -40 + 1?
-3c
In base 12, what is -677 - 4?
-67b
In base 5, what is -30422 + -20?
-30442
In base 9, what is -2 + -353?
-355
In base 5, what is 1 + -1322?
-1321
In base 2, what is -1 - -101000100000?
101000011111
In base 6, what is 55 + 5?
104
In base 5, what is 1204 - 10?
1144
In base 7, what is 2 - 1005?
-1003
In base 4, what is 10 + -11011?
-11001
In base 3, what is -10122221 - -2?
-10122212
In base 5, what is 2 - -130011?
130013
In base 4, what is 3 + -213110?
-213101
In base 15, what is 169 - 0?
169
In base 8, what is -60 + 15?
-43
In base 8, what is 1023 + -5?
1016
In base 13, what is 0 + -69?
-69
In base 11, what is 15 - -1240?
1255
In base 2, what is -1100000011 + -10?
-1100000101
In base 6, what is -31130 - 2?
-31132
In base 6, what is 144 - -32?
220
In base 16, what is 1 + -33c?
-33b
In base 11, what is 89 + -4?
85
In base 14, what is -6 + 653?
64b
In base 11, what is 4 + -28a?
-286
In base 4, what is -10310 - -3?
-10301
In base 5, what is -12 + 12?
0
In base 16, what is 365 - 3?
362
In base 6, what is 12 - -210?
222
In base 13, what is -228 + -1?
-229
In base 2, what is 10 - 1000101?
-1000011
In base 2, what is 11001101 - 10001?
10111100
In base 4, what is 31013 - 2?
31011
In base 4, what is -130312 + 2?
-130310
In base 7, what is 5 + 2042?
2050
In base 2, what is -11 - -10000111?
10000100
In base 11, what is 4 + 544?
548
In base 11, what is -3 - 2?
-5
In base 6, what is 0 - 55?
-55
In base 10, what is -162 + -4?
-166
In base 6, what is -342 + -1?
-343
In base 4, what is 101011 - 11?
101000
In base 16, what is -3 - 4a6?
-4a9
In base 13, what is 11ac + -2?
11aa
In base 11, what is -3 + -312?
-315
In base 13, what is 33 - -11?
44
In base 4, what is -3020211 - -1?
-3020210
In base 8, what is 1663 - -6?
1671
In base 4, what is 121111 + -11?
121100
In base 13, what is 75 + 3?
78
In base 10, what is 13212 + 4?
13216
In base 14, what is 417 - -4?
41b
In base 10, what is 1 - -2967?
2968
In base 3, what is 12 + 1010102?
1010121
In base 6, what is -4 + 244?
240
In base 7, what is 144405 + 2?
144410
In base 7, what is 3141 - -1?
3142
In base 16, what is 1 + 5?
6
In base 5, what is -11112 + -1?
-11113
In base 15, what is -296 + 0?
-296
In base 10, what is 8 + -5?
3
In base 16, what is -4 - -5?
1
In base 13, what is -1 - -180?
17c
In base 13, what is -56 - 1?
-57
In base 11, what is -89a - -1?
-899
In base 9, what is -27 + -857?
-885
In base 11, what is 3 + -381?
-379
In base 15, what is 656 + 3?
659
In base 14, what is 0 + 21?
21
In base 4, what is 12 - 31?
-13
In base 14, what is -8 - -2c?
24
In base 12, what is 4 + 12?
16
In base 9, what is 18 + -106?
-77
In base 12, what is 6 - 20?
-16
In base 9, what is 0 - 56?
-56
In base 13, what is -2 - -653?
651
In base 5, what is -22011 - -10?
-22001
In base 11, what is -1 + 59a?
599
In base 9, what is -726 + -15?
-742
In base 2, what is 10111101100110 + 11?
10111101101001
In base 12, what is 1112 + -5?
1109
In base 10, what is -24885 - -4?
-24881
In base 15, what is 2 - -5a?
5c
In base 16, what is -1 - eff?
-f00
In base 14, what is 1b - 207?
-1ca
In base 2, what is 10011110110 + -101?
10011110001
In base 12, what is 60 + 6?
66
In base 3, what is 12000 - -1?
12001
In base 12, what is -1749 - -6?
-1743
In base 6, what is 14 - 10?
4
In base 3, what is -1221 + 1220?
-1
In base 12, what is 1 + -158?
-157
In base 5, what is -114 - -212?
43
In base 15, what is -5 + 0?
-5
In base 2, what is 110 - -100000?
100110
In base 9, what is 3075 + -4?
3071
In base 5, what is -1332 + -1?
-1333
In base 2, what is -101 + -1101?
-10010
In base 9, what is 13 - 57?
-44
In base 9, what is -5 - 561?
-566
In base 13, what is -4 - 24?
-28
In base 11, what is -913 + 5?
-909
In base 3, what is 20100 + 11?
20111
In base 2, what is 110 + -111000100?
-110111110
In base 4, what is 130 - 31?
33
In base 4, what is -11 - -12010?
11333
In base 7, what is -222 - 25?
-250
In base 11, what is -947 + -1?
-948
In base 2, what is -10000011 - -1010000?
-110011
In base 10, what is -2154 + 4?
-2150
In base 3, what is -1 - -2021022?
2021021
In base 8, what is -727 - -5?
-722
In base 10, what is 8 + 33?
41
In base 14, what is -22 + 20?
-2
In base 5, what is 31031 + 3?
31034
In base 7, what is -2 - -121?
116
In base 10, what is -15 - 161?
-176
In base 8, what is -5 + -7535?
-7542
In base 15, what is 1 - -12be?
12c0
In base 5, what is 1024 - 2?
1022
In base 3, what is 10 - -121?
201
In base 7, what is -1650 - 1?
-1651
In base 11, what is 525 + -4?
521
In base 4, what is 120 - 1113?
-333
In base 5, what is 40 + 12211?
12301
In base 11, what is -13 + a?
-4
In base 3, what is -100 + -10210?
-11010
In base 4, what is -1 - -100203?
100202
In base 10, what is 852 + -5?
847
In base 5, what is -104 - -1120?
1011
In base 9, what is 236 - 12?
224
In base 16, what is -6 + -b99?
-b9f
In base 14, what is 1 - 3b?
-3a
In base 8, what is -225 - 3?
-230
In base 4, what is 103003 + 2?
103011
In base 15, what is -338 + -1?
-339
In base 3, what is 210 + 10110?
11020
In base 14, what is 1d - 108?
-c9
In base 10, what is 3 - -72?
75
In base 4, what is -1200 + -13?
-1213
In base 16, what is 4 + 38?
3c
In base 8, what is -4001 + 5?
-3774
In base 2, what is 1 - -101111010?
101111011
In base 8, what is -1260 - 3?
-1263
In base 5, what is -1 + -10340?
-10341
In base 16, what is 6e - -2?
70
In base 7, what is 5522 - 2?
5520
In base 9, what is 116 + -18?
87
In base 5, what is -112 - 13?
-130
In base 14, what is 1a + 5?
21
In base 8, what is -627 + -1?
-630
In base 10, what is 1 - 551?
-550
In base 7, what is 112115 + 4?
112122
In base 16, what is -2 + 8c?
8a
In base 14, what is 19 + 1b?
36
In base 13, what is 3c8 - 5?
3c3
In base 13, what is -422 - -2?
-420
In base 4, what is 1012 - 203?
203
In base 15, what is -8b7 - 4?
-8bb
In base 16, what is -1f - -3e?
1f
In base 2, what is 11 - -1001110?
1010001
In base 12, what is -1 - -1a1?
1a0
In base 9